?
False
Does 37 divide 877159?
True
Is 7370 a multiple of 11?
True
Is 147 a factor of 1801485?
True
Is 374874 a multiple of 86?
True
Is 17 a factor of 167556?
False
Is 344 a factor of 1661484?
False
Does 12 divide 235896?
True
Is 9 a factor of 162522?
True
Does 386 divide 13847750?
True
Is 44 a factor of 1868008?
False
Is 1115 a multiple of 5?
True
Is 558296 a multiple of 4?
True
Is 14 a factor of 575064?
True
Is 4029121 a multiple of 140?
False
Does 64 divide 299712?
True
Is 1296459 a multiple of 881?
False
Does 11 divide 2141854?
True
Is 57 a factor of 1877010?
True
Is 5560804 a multiple of 751?
False
Does 46 divide 2242?
False
Is 75 a factor of 3217800?
True
Is 5 a factor of 525?
True
Is 5317559 a multiple of 988?
False
Is 301 a factor of 241293?
False
Does 64 divide 827072?
True
Is 8242457 a multiple of 33?
False
Is 271 a factor of 162329?
True
Is 739116 a multiple of 36?
True
Is 560376 even?
True
Is 8680 a multiple of 280?
True
Does 509 divide 22396?
True
Is 297285 a multiple of 61?
False
Is 986133 a multiple of 3?
True
Is 1965234 a multiple of 239?
False
Is 36 a factor of 23148?
True
Is 2963107 a multiple of 19?
True
Does 215 divide 1868780?
True
Is 6 a factor of 43206?
True
Is 18170164 a multiple of 14?
False
Is 65 a factor of 66259?
False
Is 7973799 a multiple of 4?
False
Is 14 a factor of 10728303?
False
Does 196 divide 202820?
False
Is 8 a factor of 391281?
False
Does 26 divide 517686?
True
Is 48 a factor of 93072?
True
Does 42 divide 229824?
True
Does 57 divide 2565228?
True
Is 66610 a multiple of 3?
False
Is 8 a factor of 1386311?
False
Does 31 divide 767529?
True
Is 8 a factor of 305456?
True
Is 209356 a multiple of 14?
True
Is 18446086 a multiple of 83?
True
Is 84 a factor of 11622576?
True
Does 4 divide 2466760?
True
Is 11 a factor of 869939?
False
Is 27 a factor of 728567?
False
Does 37 divide 81617?
False
Is 249 a factor of 4119954?
True
Does 458 divide 1116604?
True
Does 230 divide 103806?
False
Does 6 divide 2418?
True
Does 8 divide 512968?
True
Does 14 divide 139776?
True
Is 10 a factor of 12860?
True
Is 20 a factor of 11073793?
False
Is 66994 a multiple of 54?
False
Does 155 divide 2323140?
True
Does 8 divide 54223?
False
Is 44 a factor of 7842?
False
Does 9 divide 22113?
True
Is 1785961 a multiple of 1196?
False
Is 295073 a multiple of 24?
False
Does 10 divide 132921?
False
Is 15 a factor of 301035?
True
Is 9 a factor of 5786636?
False
Is 987 a factor of 1025493?
True
Is 81 a factor of 2841966?
True
Is 22593156 a multiple of 1977?
True
Is 199 a factor of 1775677?
True
Is 7154870 a multiple of 359?
True
Is 345 a factor of 268227?
False
Is 24 a factor of 93642?
False
Is 1292 a factor of 4749190?
False
Is 21 a factor of 67875?
False
Does 988 divide 13689884?
False
Does 227 divide 108052?
True
Is 397155 a multiple of 87?
True
Is 71 a factor of 4772135?
False
Is 1107 a factor of 3211768?
False
Is 616857 a multiple of 4?
False
Is 197463 a multiple of 50?
False
Is 81543 a multiple of 25?
False
Does 17 divide 26010?
True
Does 460 divide 366462?
False
Does 843 divide 11941462?
False
Is 700 a factor of 1197700?
True
Is 32 a factor of 1884293?
False
Does 344 divide 4356227?
False
Is 478 a factor of 556639?
False
Is 970704 a multiple of 72?
True
Is 65 a factor of 138775?
True
Is 941442 a multiple of 246?
True
Is 1365838 a multiple of 135?
False
Is 21366 a multiple of 3?
True
Is 1332584 a multiple of 22?
True
Is 228773 a multiple of 88?
False
Is 177945 a multiple of 15?
True
Is 42 a factor of 4292526?
True
Is 14 a factor of 4214154?
True
Does 21 divide 970378?
False
Does 4 divide 194578?
False
Is 27906 a multiple of 38?
False
Is 14 a factor of 2204720?
True
Does 19 divide 1507783?
True
Is 289094 a multiple of 6?
False
Is 79885 a multiple of 9?
False
Is 121 a factor of 5754650?
False
Does 3 divide 21188?
False
Does 15 divide 5099325?
True
Is 3634666 a multiple of 137?
False
Is 54 a factor of 7851?
False
Does 18 divide 2045069?
False
Does 27 divide 386478?
True
Is 6 a factor of 623400?
True
Does 39 divide 572286?
True
Does 189 divide 2256849?
True
Does 123 divide 3586188?
True
Is 378485 a multiple of 10?
False
Is 3466643 a multiple of 155?
False
Is 2127601 a multiple of 5?
False
Is 1555 a factor of 1931310?
True
Is 25830 a multiple of 10?
True
Does 24 divide 144264?
True
Is 60 a factor of 472080?
True
Is 525345 a multiple of 15?
True
Does 7 divide 1064?
True
Is 11 a factor of 351087?
True
Is 883718 a multiple of 14?
False
Is 312983 a multiple of 15?
False
Is 326 a factor of 741976?
True
Does 221 divide 3097247?
False
Is 143917 a multiple of 473?
False
Is 707679 a multiple of 129?
False
Is 13 a factor of 8226231?
True
Is 3577687 a multiple of 19?
False
Is 26 a factor of 121083?
False
Is 1083406 a multiple of 4?
False
Is 37 a factor of 44382?
False
Is 24054 a multiple of 3?
True
Is 3 a factor of 21509?
False
Is 6 a factor of 102734?
False
Does 56 divide 204960?
True
Does 32 divide 188736?
True
Is 11546 a multiple of 52?
False
Is 2982460 a multiple of 260?
True
Does 14 divide 647150?
True
Is 244 a factor of 255224?
True
Does 14 divide 116746?
True
Is 22 a factor of 68200?
True
Is 380526 a multiple of 2?
True
Is 650433 a multiple of 46?
False
Is 4 a factor of 37120?
True
Is 11 a factor of 401074?
False
Is 105409 a multiple of 144?
False
Is 215 a factor of 3557353?
False
Is 401907 a multiple of 19?
True
Is 355 a factor of 4722565?
True
Does 5 divide 2723455?
True
Is 2265197 a multiple of 213?
False
Does 166 divide 64683?
False
Is 1338485 a multiple of 20?
False
Is 399691 a multiple of 42?
False
Does 30 divide 2921400?
True
Is 35 a factor of 6611?
False
Is 1144100 a multiple of 10?
True
Is 17 a factor of 291456?
False
Is 22 a factor of 214360?
False
Is 1143450 a multiple of 180?
False
Is 6 a factor of 38790?
True
Does 22 divide 1762061?
False
Does 30 divide 1210338?
False
Is 560626 a multiple of 109?
False
Is 3027021 a multiple of 24?
False
Does 42 divide 86772?
True
Is 12 a factor of 3797878?
False
Does 244 divide 4681532?
False
Does 12 divide 281717?
False
Is 84272 a multiple of 23?
True
Is 58635 a multiple of 7?
False
Is 11289 a multiple of 4?
False
Does 42 divide 33022?
False
Does 9 divide 1271755?
False
Is 741240 a multiple of 71?
True
Does 291 divide 87591?
True
Is 7325408 a multiple of 46?
True
Is 20 a factor of 39323?
False
Is 42 a factor of 1491572?
False
Is 126900 a multiple of 20?
True
Is 473 a factor of 14667?
False
Is 10 a factor of 2609?
False
Is 67 a factor of 6386448?
False
Does 64 divide 5072640?
True
Does 99 divide 165961?
False
Is 15 a factor of 226725?
True
Is 414 a factor of 77798?
False
Is 6469534 a multiple of 370?
False
Is 117 a factor of 362044?
False
Is 475 a factor of 90983?
False
Is 345357 a multiple of 1518?
False
Does 14 divide 971539?
False
Is 4703424 a multiple of 262?
True
Is 895104 a multiple of 72?
True
Is 14 a factor of 215478?
False
Does 26 divide 6510545?
False
Is 359 a factor of 392028?
True
Is 1558400 a multiple of 32?
True
Is 100 a factor of 499652?
False
Does 50 divide 19022?
False
Is 1595274 a multiple of 141?
True
Does 15 divide 451380?
True
Is 11 a factor of 437624?
True
Is 956 a factor of 1292512?
True
Does 2357 divide 5065193?
True
Is 58 a factor of 99354?
True
Is 4410218 a multiple of 167?
False
Does 72 divide 31752?
True
Does 7 divide 1735977?
False
Is 46 a factor of 11302?
False
Is 441188 a multiple of 75?
False
Is 549541 a multiple of 134?
False
Does 240 divide 77045?
False
Does 782 divide 4759252?
True
Is 80 a factor of 1268643?
False
Is 44577 a multiple of 97?
False
Is 3218787 a multiple of 33?
True
Does 459 divide 273146?
False
Is 117758 a multiple of 69?
False
Is 10269819 a multiple of 119?
True
Is 149649 a multiple of 83?
True
Does 14 divide 858925?
False
Is 847157 a multiple of 515?
False
Is 191608 a multiple of 9?
False
Is 1525093 a multiple of 1029?
False
Does 3083 divide 20721604?
False
Does 158 divide 1427846?
True
Is 789191 a multiple of 163?
False
Is 7 a factor of 1035118?
True
Is 98 a factor of 59990?
False
Is 1397465 a multiple of 39?
False
Does 29 divide 5273177?
False
Does 23 divide 193367?
False
Is 145260 a multiple of 90?
True
Is 819860 a multiple of 24?
False
Does 60 divide 4237020?
True
Does 857 divide 2104477?
False
Does 9 divide 9144?
True
Does 281 divide 8196208?
T